 5. Calculate a(r).
-5
Suppose 15*x = 13*x. Let m be 4/(-2) + 6 - 1. Let s(f) = -f**3 + x*f**2 - f - f**2 + 0*f**m + 1. Calculate s(-2).
7
Let g be ((-3)/2)/(6/8). Let v(o) = -19*o**3 + 13*o**3 + 7*o**3. Determine v(g).
-8
Let c(x) = x**3 - 2*x**2 + x - 4. Suppose -15 = -5*z + 5. Let v(b) = b**2 - 3*b + 1. Let q be v(z). Suppose 5*h = q + 10. Give c(h).
8
Let l(w) be the second derivative of w**5/20 + w**4/2 - 5*w**3/6 + 5*w**2/2 + 38*w. Calculate l(-7).
-9
Suppose -s - 6 + 27 = 0. Suppose -3*u = -2*z - 21, -5*u = -z - 0*u - s. Let h be (0/(z/(-2)))/(-2). Let p(t) = -t**3 + t**2 - 4. What is p(h)?
-4
Let u(h) = h - 3*h - h + h**2 + 2. Suppose 2*v + 0*v + 16 = 5*w, 5*v = -3*w + 22. Give u(v).
0
Suppose -42*x + 32*x + 60 = 0. Let s(o) = -o**2 + 3*o + 3. Give s(x).
-15
Let j(s) = -6*s - 2. Let t(z) = 5*z. Let m(l) = 3*j(l) + 4*t(l). Give m(-7).
-20
Let f(r) = r**3 - 6*r**2 + 6*r. Suppose 0*c + 25 = 5*c. Calculate f(c).
5
Let s(j) = -3*j**2 + 6*j + 4*j**2 - 5 - 10*j + 3*j. Give s(0).
-5
Let n(c) = c + 1. Let m be 5/2*16/20. Suppose -m*k + k - 9 = -4*b, 4*k + 4*b = 24. Suppose 2 = o, -2*d + 2*o - k = 1. Determine n(d).
1
Let c(k) be the second derivative of k - 1/2*k**2 + 0 + 1/3*k**3 - 11/12*k**4. What is c(1)?
-10
Let q(p) = 3*p**3 - 8*p**2 - 3*p - 3. Let u(n) = -5*n**3 + 16*n**2 + 7*n + 7. Let h(b) = 7*q(b) + 4*u(b). Calculate h(-7).
7
Suppose 0 = -4*u - 0*u + 4. Let t(v) = -3*v**3 + 2*v**2 - 2*v + 1. Give t(u).
-2
Suppose 0 = 4*z - 0*v + 2*v - 4, 2*z = 5*v + 2. Let q(n) = -2*n. Determine q(z).
-2
Let r(i) = -i - 7. Let l be -4 + 1 + (-1 - -6). Suppose -l*f = -5*k, 16 = -2*f - k + 4. What is r(f)?
-2
Suppose 4*j - 3 + 10 = c, -10 = 5*j. Let m(y) = -12*y**2. What is m(c)?
-12
Let c(i) = -i**3 + 3*i**2 - 2*i + 3. Let q = 5 - 3. Suppose -q - 1 = -p. Suppose -10 = -8*n + p*n. What is c(n)?
3
Let q(x) = 0 - 2*x + x**3 + 1 - 6*x**2 + 0*x**2. Let p(t) = -t**3 + 7*t**2 + 3*t. Let u(f) = 2*p(f) + 3*q(f). Calculate u(4).
3
Let c = -10 + 10. Suppose 2 = -2*w, 3*v + 2*w = -c - 2. Let i(z) = -z + 6. What is i(v)?
6
Let n(m) = -6*m + 6*m - 1 - m. Give n(6).
-7
Suppose 0 = t - 0*t - 6. Let s(c) = -c**2 + 8*c - 7. Give s(t).
5
Let p(v) be the first derivative of v**2 + v + 11. Determine p(3).
7
Suppose -17 = 5*o - 22. Let i(x) be the third derivative of x**7/2520 - x**5/30 + x**2. Let h(k) be the third derivative of i(k). Determine h(o).
2
Let c(b) be the third derivative of b**4/12 + 5*b**3/3 + 2*b**2. Let v be c(-7). Let z be ((-5)/v)/(2/8). Let n(r) = r**2 - 3*r - 6. Calculate n(z).
4
Let q(n) = n**3 - n**2 + n + 2. Let d be q(0). Let r(z) = -11*z + 2. Let p(m) = -10*m + 2. Let y(s) = 7*p(s) - 6*r(s). Determine y(d).
-6
Let f(v) = -1 + 4*v**2 + 1 + v. Calculate f(-1).
3
Suppose -3*r + 9 = 4*t, -40 = -4*r + 3*t + t. Let o be ((-6)/r)/((-9)/42). Let l(i) = -i - 1. Give l(o).
-5
Let b be 1*(-5)/(-10)*-4. Let g(n) = n**3 + n**2 + n + 2. Give g(b).
-4
Let f(r) = r + 17. Let g be f(-8). Suppose -39 = -5*h - g. Let s(q) = -q + 9. Calculate s(h).
3
Let m be -17 + 17 + 0/1. Let a(g) be the third derivative of 1/30*g**5 - 3*g**2 + 0 - 1/8*g**4 + 0*g**3 + m*g - 1/120*g**6. What is a(2)?
-6
Let r(y) = -y**3 + 8*y**2 - 9*y + 10. Let i(w) = -w**3 + 4*w**2 + 7*w - 3. Let t be i(5). Determine r(t).
-4
Let d(c) = -c**2 + 0 - 4*c - 7 + 3 - 1. Calculate d(-5).
-10
Let r(o) = 11*o - 8. Let d(q) = -4*q + 3. Let w(a) = 8*d(a) + 3*r(a). Suppose 22 + 3 = 5*p. Suppose -p*k - 5 = -0*k. Give w(k).
-1
Suppose 4*g - g = 0. Suppose 0 = 5*h - 5*b - 15, -7 = -2*h + h + 5*b. Let l(i) = -4*i**h + 5*i**2 + 5 - 2*i**2. Give l(g).
5
Suppose 0 = 19*x - 16*x - 9. Let w(d) = 2*d - 1. Calculate w(x).
5
Let j be 57/38*(4 + -2). Let m(t) = 2*t + 1. Let v(b) = -1. Let u(a) = -m(a) - 2*v(a). Determine u(j).
-5
Suppose -2 = -2*j + 2. Let v(b) = -4 - 4*b**2 + b**2 - 5*b + 2*b**j - 2*b. Calculate v(-5).
6
Let d(v) = -7*v**2 + 1. Let g(t) = -7*t - 3*t**2 - t**3 - t**2 + 11*t - 4. Let n be g(-5). What is d(n)?
-6
Let q(u) = 2*u**2 + u**2 - 4*u**2 + 2*u**2. Suppose 4*t = 5*o - 20, -o + 5*t + 22 + 3 = 0. Determine q(o).
0
Let x(j) = -4*j**2 - 3*j + 3. Let p(h) = -3*h**2 - 4*h + 4. Let v(d) = -2*p(d) + 3*x(d). Let m = 1 - 0. Give v(m).
-6
Let s(f) = f + 3. Let t be -1 + 2 - (6 + 0). Let r = -4 - t. Let i(p) = -2*p - 1. Let z be i(r). What is s(z)?
0
Let w(o) = -o**3 + 5*o**2 - 6*o. Let z(v) = 4*v**2 - v + 1. Suppose -3*n = -2*k - 0*k + 11, 0 = -n - 3. Let u be z(k). Determine w(u).
-8
Let f(i) = 5*i**3 - 50*i**2 - 11*i - 21. Let v(k) = -k**3 + 10*k**2 + 2*k + 4. Let q(h) = 2*f(h) + 11*v(h). Calculate q(10).
2
Let u(o) = 6*o**3 + 3*o**2 - 7*o - 3. Let f(t) = 2*t**3 + t**2 - 2*t - 1. Let s(g) = 7*f(g) - 2*u(g). What is s(1)?
2
Let f(l) = l**2 + 2. Let n(d) = d**3 + 7*d**2 + 4*d - 10. Let y be n(-6). What is f(y)?
6
Let a(t) = t**3 + 6*t**2 - 6*t + 8. Let g be a(-7). Let b(c) be the first derivative of -1/2*c**2 + 0*c + g. Determine b(1).
-1
Let c = 8 - 6. Suppose -5*r = 2 - 12. Let u(h) = -2*h**2 - 2 + 5*h + 4*h**r + 0*h**c - 2. What is u(-4)?
8
Let p(v) = v**2 + v - 1. Let t(w) = -3*w + 8 - 1 - 3 - w**2. Suppose 10 = -2*k + 2. Let r be t(k). Determine p(r).
-1
Let x(v) = -v + 8. Suppose -3*c + 10 = -c + 5*n, c + 2*n = 4. Suppose 3*i = -c*i. Determine x(i).
8
Let y(p) = -1. Let f(u) = -3*u - 5. Let m(z) = -f(z) - 3*y(z). What is m(-7)?
-13
Let q(x) = -x + 4. Let c be -5 + 3 + 14/2. Suppose -c*j + 40 = 5*v, -6*v = -2*v + 2*j - 24. Determine q(v).
0
Let m(r) = 4*r. Let a(n) = n. Let u(q) = 3*a(q) - m(q). Give u(5).
-5
Let x(a) = a + 1. Let y(o) = o + 1. Let l(v) = -3*x(v) + 4*y(v). Let m(w) = -w**3 + w**2 + 2*w + 1. Let n be m(2). Give l(n).
2
Let o = 15 - 10. Let n(l) = 4*l**2 + 6*l + 2*l**3 - 3*l**3 - 5 - 2. Calculate n(o).
-2
Let a(m) = 7*m - 8. Suppose 0 = q - 2*q + 8. Let t(g) = 11*g - 12. Let f(h) = q*a(h) - 5*t(h). Let p(d) = -d. Let n be p(-4). Give f(n).
0
Let o(k) = -k**3 - k**2 + 4. Let x(u) = u**3 - u**2 - u. Let g be 0 + (-6)/(-3) + -2. Let i be x(g). Determine o(i).
4
Let o(l) = 3*l + 4. Let q(d) = -d + 11. Let j be q(8). Suppose -3*i = w + j*w - 52, -3*i + 68 = 5*w. Suppose 6 = -v + 2, 5*n - v + w = 0. Determine o(n).
-8
Let k(s) = -s**3 - 5*s**2 - 3*s - 1. Suppose -t + 0*t - 2 = 0. Let q = 0 + t. Determine k(q).
-7
Let i(d) = 6*d**2 - 2. Let j(l) = 7*l**2 + l - 2. Let x be 8 - (3 + -12)/(-3). Let g(o) = x*j(o) - 6*i(o). Give g(4).
6
Let j(q) = -2 + 0*q + 3 - q. Determine j(6).
-5
Suppose -4 = 38*k - 40*k. Let o(u) = -13*u + 7. Let r(q) = -7*q + 4. Let d(x) = 6*o(x) - 11*r(x). Give d(k).
-4
Let z(q) be the third derivative of -q**6/120 - q**5/20 - q**4/6 - q**3/3 + 2*q**2. Let v be (1 - 1)/(-1 + 3). Let s = v + -2. Determine z(s).
2
Let f = 1 + 1. Suppose -f*w - 7 = 1. Let q(k) = k**2 + 3*k + 5. Determine q(w).
9
Let n(c) = 13*c**3 - c**2 - c + 1. Suppose 5*r = -5*l - 25, 5 = 5*r - 4*l - 6. Let w be 4 + r + (0 - 2). Determine n(w).
12
Let o(t) be the first derivative of -t**4/4 + t**3/3 + t**2 + t - 1. Let g be -4 - (4 + (3 - 5)). Let h be 9/(-6)*(-8)/g. Determine o(h).
9
Let g(y) be the second derivative of 1/12*y**4 + 0 + 0*y**3 - 4*y + 3/2*y**2. Determine g(-3).
12
Let p(g) = 1 - g**3 + 0 - 15*g + 16*g. Give p(-2).
7
Let t(v) = v**3 + 5*v**2 - 2*v. Let c(b) = -2*b**3 - 11*b**2 + 3*b - 1. Let z(d) = 3*c(d) + 5*t(d). What is z(-8)?
5
Suppose v = 3*v + 6. Let s(m) = -m**3 - 4*m**2 - 3*m + 2. Let x be s(v). Let b(w) = x*w + 1 - w**3 + w**2 - 2*w**3 + w**3. Calculate b(-1).
2
Let m = -10 - -7. Let t = 6 + -5. Let b(z) = -t - 3*z + 1 - z**2 + 0*z. Give b(m).
0
Let o(l) = -4*l + 21. Let i be o(7). Let t(j) = j + 14. Give t(i).
7
Let a = 7 + -5. Let h be 2/a + (-1 - -1). Let b(p) = -7 - 2*p + h + 4*p**2 + 0*p + 4*p - p**3. Give b(4).
2
Let k be 5/3 - (-1)/3. Let q be (-1 + 3 + -2)/2. Suppose 2*g + 3 = 5*o + g, q = k*o + 2*g - 6. Let d(z) = 4*z**3 - z. Give d(o).
3
Let y(i) be the second derivative of i**6/180 - i**4/4 + 2*i. Let o(f) be the third derivative of y(f). Calculate o(-1).
-4
Let d be (-2 - 5)*2/(-7). Suppose -5 = -p + d*p. Let f(b) = 4*b**2 + b**3 + 2*b - 6 - 1 + 2*b**2. What is f(p)?
8
Let i(w) = -1 - 6 - 5*w - w**2 + 2*w**2 - w. Let k be i(7). Let h(q) = q**2 + q + 9. Determine h(k).
9
Let q(d) = -2*d**3 - d**2 - 3*d - 2. Let h(j) = 4*j**3 + j**2 + 6*j + 3. Let l(n) = 4*h(n) + 7*q(n). D